, what is 112231303011332 - -10?
112231303012002
In base 7, what is 224 - 6542616?
-6542362
In base 4, what is -2131311 + 130022?
-2001223
In base 6, what is 1244445120 - -3?
1244445123
In base 9, what is 10354380 - -8?
10354388
In base 7, what is -63025 + 104213?
11155
In base 11, what is -2 + -4386a293?
-4386a295
In base 7, what is -5 - 144256211?
-144256216
In base 16, what is 40 + -31767f?
-31763f
In base 10, what is -22 + 767624?
767602
In base 7, what is -1354642 - -455?
-1354154
In base 16, what is 7517bb + -1?
7517ba
In base 13, what is c338 + -3c8?
bc40
In base 3, what is 11 + -211100221001?
-211100220220
In base 11, what is -2921 + -333?
-3154
In base 3, what is 2 + -12111022100122?
-12111022100120
In base 3, what is 211001110 - -12001202?
1000010012
In base 4, what is 1202303110033 + 0?
1202303110033
In base 12, what is -51 - -269565a?
2695609
In base 6, what is 35 + -1225252243?
-1225252204
In base 5, what is -1311021432010 + 4?
-1311021432001
In base 10, what is 135 - 51861?
-51726
In base 15, what is -37515 - -1b?
-374e9
In base 13, what is 54a5 + -1203?
42a2
In base 15, what is -1d50 + 11e4a?
100ea
In base 4, what is -22322 + -11021123?
-11110111
In base 3, what is -212102 - 2001010?
-2220112
In base 14, what is -1 - -d312822?
d312821
In base 16, what is 3cda + -1b5b?
217f
In base 12, what is -34 - -522127?
5220b3
In base 8, what is 141201257 + 3?
141201262
In base 9, what is -42084330 + 33?
-42084286
In base 11, what is -1047 - -2208?
1171
In base 10, what is 42 - -2080299?
2080341
In base 3, what is 101200122 + 2201221?
111102120
In base 2, what is 1001 + -101100110011101011?
-101100110011100010
In base 11, what is 2aa + 118364?
118663
In base 4, what is -221203310211 + -10?
-221203310221
In base 15, what is -5dbc + 1b?
-5da1
In base 3, what is -11001021202121 - -21?
-11001021202100
In base 8, what is 304 - -53446?
53752
In base 7, what is 121644261 + 5?
121644266
In base 7, what is -5 - -26333150?
26333142
In base 3, what is 110122200212120120 - 11?
110122200212120102
In base 3, what is 12112 + 101122012100111?
101122012120000
In base 5, what is 10034434302 + -3?
10034434244
In base 11, what is -2 + 2267a00?
22679a9
In base 6, what is -2410 - -120355151?
120352341
In base 4, what is 11132300 + -1300100?
3232200
In base 15, what is -6bd19b + -3?
-6bd19e
In base 8, what is -203 - 505277?
-505502
In base 8, what is 113 + -4331225?
-4331112
In base 11, what is -3023711 + 1?
-3023710
In base 5, what is 4423 + 1120442?
1130420
In base 14, what is d6 + -5451a?
-54424
In base 3, what is 12221001100201 + -2?
12221001100122
In base 2, what is 110100011101111010 - -10100011?
110100100000011101
In base 11, what is -557a + 1914?
-3766
In base 12, what is 17323 + 523a?
20561
In base 15, what is -3 + 5962b4?
5962b1
In base 13, what is 38c25 + 3a1?
392c6
In base 10, what is 30863 + -813?
30050
In base 3, what is -112021122 + -111112112?
-1000211011
In base 7, what is -12 - 312324?
-312336
In base 10, what is 1078044 - -11?
1078055
In base 3, what is 1202211121 - -10000201?
1212212022
In base 6, what is -1000512 + -20?
-1000532
In base 3, what is 100121102221 + 120221?
100122000212
In base 3, what is -10000 + 12011002010?
12010222010
In base 5, what is 422324 - -1140444?
2113323
In base 2, what is 11110010110 - 1001001000001?
-101010101011
In base 12, what is -1270702 - 6?
-1270708
In base 6, what is 1 + -2345351005?
-2345351004
In base 16, what is 2b3cc9 + 1?
2b3cca
In base 4, what is -13303130330 + -32?
-13303131022
In base 7, what is 1533524 + -25?
1533466
In base 10, what is -123298 + -498?
-123796
In base 2, what is -1000101100000001110110001 + 10?
-1000101100000001110101111
In base 3, what is -11 + -10002101210102?
-10002101210120
In base 12, what is -134 + -2bb03?
-30037
In base 12, what is 93 - -509b?
5172
In base 6, what is 24344114535 + 10?
24344114545
In base 4, what is 10 + 32020321332?
32020322002
In base 6, what is -54 + -3453342150?
-3453342244
In base 3, what is -100220221 + -111221?
-101102212
In base 6, what is -11441311 + -40?
-11441351
In base 12, what is -6804 - 10164?
-16968
In base 13, what is 7a9a8 - 576?
7a432
In base 6, what is -1 - 1211504142?
-1211504143
In base 15, what is 185a1c + 2?
185a1e
In base 14, what is -b4d8c + 11?
-b4d7b
In base 6, what is 0 - -400001313?
400001313
In base 6, what is 413404 - -145354?
1003202
In base 2, what is 100 - 110100010100110110010100?
-110100010100110110010000
In base 7, what is 2 - -11120563?
11120565
In base 5, what is -12310102003404 - -4?
-12310102003400
In base 11, what is -2899911 + 1a8?
-2899714
In base 13, what is -82b56b6 - 6?
-82b56bc
In base 2, what is -111001 + -1111100010000001?
-1111100010111010
In base 11, what is 1 + -28614?
-28613
In base 3, what is 11001101101120 - -101?
11001101101221
In base 2, what is -1110111010000000110101 + 100000?
-1110111010000000010101
In base 15, what is c93aa0 + 0?
c93aa0
In base 10, what is 215895 + -8?
215887
In base 8, what is -1302 + 63032?
61530
In base 13, what is -7475 - 403?
-7878
In base 12, what is -4b + 11350?
11301
In base 4, what is -101012 - 12200032?
-12301110
In base 10, what is -166185 - 207?
-166392
In base 11, what is -1a82206 - -17?
-1a8219a
In base 2, what is 1100000101100000 - -11111101000?
1100100101001000
In base 2, what is -11110111 - 10000001101000?
-10000101011111
In base 12, what is -5 + -2347a31?
-2347a36
In base 2, what is 11000101001 - 1010110011110101?
-1010011011001100
In base 9, what is 5003820 + -1?
5003818
In base 15, what is 1 - 1e7be1?
-1e7be0
In base 11, what is -217 - -5881?
5665
In base 4, what is 10 - -30123121111223?
30123121111233
In base 14, what is 697 - 79748?
-79091
In base 8, what is 56126123 + 0?
56126123
In base 8, what is -62623 + 1057?
-61544
In base 12, what is 5 - 38b9a79?
-38b9a74
In base 13, what is -30251260 - -5?
-30251258
In base 6, what is 202253442230 - -5?
202253442235
In base 6, what is -11144403 - -231?
-11144132
In base 2, what is -111100100110101001 + 1111001?
-111100100100110000
In base 6, what is -1452 + -30024?
-31520
In base 16, what is 112 - b429?
-b317
In base 4, what is -10120311122011 + 10?
-10120311122001
In base 15, what is -2 - -65ca390?
65ca38d
In base 14, what is 4 - -27a0ca6?
27a0caa
In base 8, what is 646431 - -51?
646502
In base 9, what is -7765 - 201001?
-208766
In base 7, what is -2134353 + -212?
-2134565
In base 13, what is -417c43 - 10?
-417c53
In base 9, what is -7 - 5663022?
-5663030
In base 9, what is 14 + 27881404?
27881418
In base 7, what is 4 + 350040365?
350040402
In base 12, what is -1 - 335a022?
-335a023
In base 12, what is 5a47434 + -2?
5a47432
In base 9, what is 13304 + -850?
12344
In base 9, what is -13541 + -8713?
-23354
In base 10, what is 50 + 109061?
109111
In base 9, what is 1837486 + 0?
1837486
In base 12, what is -798 + -1a7?
-983
In base 3, what is 11112002102 - 110011001?
11001221101
In base 3, what is -121120100212000 - 12?
-121120100212012
In base 2, what is 110111101000111110101100 - 101?
110111101000111110100111
In base 3, what is 1002122120001201 - 220?
1002122120000211
In base 8, what is -271352 - 20?
-271372
In base 6, what is -5 - 32242435550?
-32242435555
In base 5, what is 3 - 21231040030?
-21231040022
In base 6, what is -11004551 + -12053?
-11021044
In base 15, what is 17367 - 187?
171d0
In base 7, what is 53454 + -1531?
51623
In base 12, what is 518 - -3023?
353b
In base 2, what is 1100 + 10011011110100011001000?
10011011110100011010100
In base 12, what is 1 - -6104491?
6104492
In base 13, what is 1b4 + 844c?
8633
In base 10, what is -71350 + -83?
-71433
In base 16, what is 1a - -56d68?
56d82
In base 9, what is 7 + 3843806?
3843814
In base 4, what is -223303221 - 222?
-223310103
In base 8, what is 2133324607 + -3?
2133324604
In base 14, what is 617074 - a?
617068
In base 7, what is 1302 - -20525203?
20526505
In base 3, what is 11 + -2211101122001?
-2211101121220
In base 13, what is 503 + 16b5?
1bb8
In base 16, what is -348c7 - 2?
-348c9
In base 9, what is -37 - 136415?
-136453
In base 12, what is -4184 + -a3a4?
-12568
In base 11, what is 12195313 + 7?
1219531a
In base 10, what is 0 - 44370984?
-44370984
In base 7, what is 23412320 + 1?
23412321
In base 6, what is -40 - 130324350?
-130324430
In base 3, what is -1